by 4195?
15
What is the remainder when 4166744 is divided by 1388913?
5
Calculate the remainder when 180314 is divided by 18030.
14
Calculate the remainder when 25373834 is divided by 10.
4
Calculate the remainder when 83647 is divided by 267.
76
Calculate the remainder when 309318245 is divided by 75.
20
Calculate the remainder when 1020810 is divided by 3508.
3490
What is the remainder when 832928 is divided by 83291?
18
What is the remainder when 2082650 is divided by 1040251?
2148
Calculate the remainder when 181317 is divided by 1592.
1421
Calculate the remainder when 482501 is divided by 1656.
605
Calculate the remainder when 543779 is divided by 3968.
163
Calculate the remainder when 144558 is divided by 36023.
466
Calculate the remainder when 106803 is divided by 2871.
576
What is the remainder when 42789788 is divided by 3969?
3968
Calculate the remainder when 27905 is divided by 8252.
3149
What is the remainder when 42490894 is divided by 8?
6
Calculate the remainder when 495404 is divided by 165113.
65
What is the remainder when 535770 is divided by 90?
0
What is the remainder when 52051752 is divided by 615?
612
What is the remainder when 134476 is divided by 43558?
3802
What is the remainder when 2139100 is divided by 41943?
7
What is the remainder when 815991 is divided by 150?
141
Calculate the remainder when 296812650 is divided by 1904.
1898
What is the remainder when 3361183 is divided by 6?
1
What is the remainder when 131052 is divided by 1131?
987
Calculate the remainder when 9196244 is divided by 19.
16
What is the remainder when 1494456 is divided by 3593?
3361
Calculate the remainder when 1389369 is divided by 701.
688
Calculate the remainder when 381308 is divided by 380878.
430
Calculate the remainder when 67444073 is divided by 881.
880
Calculate the remainder when 37863672 is divided by 57.
54
Calculate the remainder when 1111825 is divided by 3453.
3412
What is the remainder when 190222017 is divided by 41?
16
Calculate the remainder when 5071889 is divided by 8611.
10
Calculate the remainder when 58094 is divided by 2057.
498
Calculate the remainder when 7274680 is divided by 103.
99
Calculate the remainder when 20140035 is divided by 4028003.
20
Calculate the remainder when 28008708 is divided by 1619.
8
Calculate the remainder when 573371 is divided by 27303.
8
What is the remainder when 118241 is divided by 11795?
291
Calculate the remainder when 920876 is divided by 451.
385
What is the remainder when 6333023 is divided by 6333023?
0
What is the remainder when 115393 is divided by 515?
33
What is the remainder when 1850395 is divided by 115649?
11
Calculate the remainder when 285184 is divided by 2012.
1492
What is the remainder when 2182793 is divided by 1864?
49
What is the remainder when 463810509 is divided by 190?
179
What is the remainder when 937565 is divided by 425?
15
What is the remainder when 1599354 is divided by 735?
729
What is the remainder when 10400738 is divided by 133?
5
Calculate the remainder when 67114920 is divided by 673.
668
Calculate the remainder when 1877321 is divided by 554.
369
Calculate the remainder when 46029 is divided by 1973.
650
Calculate the remainder when 6640394 is divided by 237155.
54
What is the remainder when 29604112 is divided by 2570?
282
Calculate the remainder when 7156648 is divided by 709.
2
What is the remainder when 11298400 is divided by 5649197?
6
What is the remainder when 50521 is divided by 6238?
617
What is the remainder when 19693000 is divided by 198919?
19
What is the remainder when 544969 is divided by 1156?
493
Calculate the remainder when 4618159 is divided by 285.
19
Calculate the remainder when 62757 is divided by 5516.
2081
Calculate the remainder when 3426992 is divided by 3426960.
32
Calculate the remainder when 314318329 is divided by 10.
9
Calculate the remainder when 16224643 is divided by 1668.
7
What is the remainder when 2867550 is divided by 1056?
510
Calculate the remainder when 29832408 is divided by 598.
580
What is the remainder when 542258 is divided by 170?
128
What is the remainder when 140498 is divided by 777?
638
What is the remainder when 1045582 is divided by 1045564?
18
Calculate the remainder when 15473969 is divided by 37.
14
Calculate the remainder when 17639 is divided by 411.
377
Calculate the remainder when 85637 is divided by 189.
20
Calculate the remainder when 573517 is divided by 491.
29
What is the remainder when 10617151 is divided by 1265?
6
Calculate the remainder when 2938978 is divided by 803.
801
What is the remainder when 16001162 is divided by 666711?
98
What is the remainder when 15980 is divided by 1795?
1620
What is the remainder when 7125837 is divided by 119?
117
What is the remainder when 751428 is divided by 187843?
56
What is the remainder when 34460643 is divided by 23?
19
Calculate the remainder when 594943 is divided by 1413.
70
What is the remainder when 1344719 is divided by 3768?
3311
What is the remainder when 208949 is divided by 208792?
157
Calculate the remainder when 266916787 is divided by 243.
241
Calculate the remainder when 223373 is divided by 3394.
2763
What is the remainder when 70368 is divided by 218?
172
Calculate the remainder when 246653 is divided by 82007.
632
What is the remainder when 1238845 is divided by 3097?
45
What is the remainder when 4113240 is divided by 2056568?
104
What is the remainder when 112219918 is divided by 419?
405
What is the remainder when 105469 is divided by 33?
1
Calculate the remainder when 1735855 is divided by 289309.
1
Calculate the remainder when 10812508 is divided by 85.
83
What is the remainder when 275990 is divided by 3871?
1149
What is the remainder when 492114 is divided by 5997?
360
Calculate the remainder when 121641 is divided by 60775.
91
What is the remainder when 884141 is divided by 18?
17
Calculate the remainder when 20833119 is divided by 39.
21
Calculate the remainder when 168823 is divided by 1854.
109
Calculate the remainder when 4855464 is divided by 799.
740
What is the remainder when 545529 is divided by 154?
61
What is the remainder when 12796979 is divided by 213?
152
What is the remainder when 15736915 is divided by 214?
211
Calculate the remainder when 226937 is divided by 7821.
128
What is the remainder when 11069 is divided by 10867?
202
Calculate the remainder when 15481002 is divided by 3.
0
What is the remainder when 776969 is divided by 29868?
401
What is the remainder when 9783557 is divided by 175?
7
What is the remainder when 19419522 is divided by 7?
3
Calculate the remainder when 1309921 is divided by 1511.
1395
Calculate the remainder when 2241807675 is divided by 9.
6
What is the remainder when 296041655 is divided by 411?
410
Calculate the remainder when 32416938 is divided by 89.
23
Calculate the remainder when 235294 is divided by 29409.
22
What is the remainder when 287794 is divided by 6?
4
Calculate the remainder when 37613561 is divided by 44.
29
Calculate the remainder when 124253 is divided by 5204.
4561
What is the remainder when 85002 is divided by 1887?
87
What is the remainder when 180264 is divided by 12009?
129
Calculate the remainder when 123058 is divided by 20422.
526
What is the remainder when 747863 is divided by 11329?
149
What is the remainder when 419630 is divided by 268?
210
What is the remainder when 13309709 is divided by 9541?
14
What is the remainder when 10117069 is divided by 762?
757
Calculate the remainder when 350062 is divided by 31530.
3232
Calculate the remainder when 208371164 is divided by 31.
14
Calculate the remainder when 220815 is divided by 3615.
300
Calculate the remainder when 391601 is divided by 101.
24
What is the remainder when 10143 is divided by 282?
273
What is the remainder when 2526896 is divided by 42?
8
Calculate the remainder when 354163 is divided by 2315.
2283
Calculate the remainder when 936344 is divided by 2124.
1784
Calculate the remainder when 1719378 is divided by 1105.
1103
What is the remainder when 459916 is divided by 76651?
10
Calculate the remainder when 67899931 is divided by 467.
466
What is the remainder when 2486719 is divided by 1562?
15
Calculate the remainder when 9666927 is divided by 522.
9
Calculate the remainder 